umber?
False
Is 140491709 a composite number?
True
Is 155364249 composite?
True
Is 59220529 a prime number?
True
Is 42930493 prime?
False
Is 58674821 prime?
True
Is 32971283 prime?
True
Is 63773249 a composite number?
False
Is 841955 a prime number?
False
Is 5219 composite?
True
Is 61521071 prime?
True
Is 98130434 prime?
False
Is 7443035 composite?
True
Is 120636899 a prime number?
True
Is 1074547 composite?
True
Is 2701753 prime?
False
Is 378211 prime?
False
Is 88475143 a prime number?
False
Is 312746017 a composite number?
True
Is 4497187 prime?
False
Is 17872139 composite?
False
Is 58539521 composite?
False
Is 81935921 a prime number?
True
Is 142290047 a prime number?
True
Is 23956631 composite?
False
Is 1645327 prime?
True
Is 2259721 composite?
True
Is 78894647 prime?
False
Is 126946073 composite?
False
Is 5184731 a composite number?
True
Is 27811073 composite?
False
Is 1197433 prime?
True
Is 98025397 a prime number?
True
Is 17573123 prime?
True
Is 29124331 a prime number?
True
Is 121416767 prime?
True
Is 1388701 a prime number?
True
Is 377304727 composite?
True
Is 2669581 a prime number?
True
Is 13920419 a prime number?
True
Is 102742487 a composite number?
False
Is 8103827 a prime number?
False
Is 7802191 prime?
True
Is 34610853 composite?
True
Is 1249261 prime?
False
Is 54298661 a composite number?
False
Is 858331 a prime number?
False
Is 121634893 a prime number?
True
Is 46235041 composite?
True
Is 753377 a composite number?
True
Is 160739 prime?
True
Is 163743353 a composite number?
True
Is 379697 prime?
False
Is 49236799 a prime number?
False
Is 546089015 composite?
True
Is 784174 a prime number?
False
Is 7018019 a prime number?
True
Is 9825787 a composite number?
False
Is 184613171 a composite number?
True
Is 433987 prime?
False
Is 4924181 prime?
True
Is 844999 a composite number?
False
Is 523865981 composite?
False
Is 13555921 prime?
True
Is 7905385 a composite number?
True
Is 2871773 a composite number?
True
Is 806618 a prime number?
False
Is 141632285 a composite number?
True
Is 13440683 a prime number?
True
Is 4446713 a prime number?
False
Is 927167 composite?
False
Is 980743 prime?
False
Is 151285507 a composite number?
True
Is 2782583 composite?
True
Is 71627 a prime number?
False
Is 15174691 a composite number?
True
Is 31661957 a prime number?
True
Is 604559 prime?
True
Is 1554977 composite?
False
Is 789779 a prime number?
False
Is 74080247 a prime number?
True
Is 144986351 prime?
True
Is 30109402 composite?
True
Is 7821991 a prime number?
True
Is 2966581 a composite number?
False
Is 335063 composite?
True
Is 1595389 a composite number?
False
Is 3155923 prime?
True
Is 69745993 prime?
False
Is 183540649 composite?
False
Is 550553 a prime number?
True
Is 28415117 prime?
True
Is 299891899 a prime number?
False
Is 5933701 a prime number?
False
Is 133418605 a composite number?
True
Is 72892867 a prime number?
True
Is 646776193 a prime number?
False
Is 8935967 prime?
False
Is 54827563 a composite number?
True
Is 136427759 a composite number?
True
Is 889397 a prime number?
False
Is 22830827 composite?
False
Is 425080219 a composite number?
False
Is 3354929 a prime number?
True
Is 34052021 composite?
False
Is 25708715 a prime number?
False
Is 3022579 a prime number?
False
Is 25857253 a prime number?
False
Is 172397 a composite number?
True
Is 2869231 prime?
False
Is 309069983 a composite number?
False
Is 12598141 a prime number?
False
Is 5991109 a prime number?
False
Is 5034683 composite?
False
Is 1191383 a prime number?
False
Is 210489737 prime?
True
Is 418597 a prime number?
True
Is 30084167 a prime number?
False
Is 396158381 a composite number?
False
Is 141559393 a composite number?
True
Is 5591669 composite?
True
Is 5562863 a prime number?
True
Is 344581385 composite?
True
Is 4247231 a composite number?
True
Is 19759733 a prime number?
False
Is 64039099 prime?
False
Is 248569117 a composite number?
False
Is 782611 a composite number?
False
Is 285869 prime?
False
Is 6044201 composite?
True
Is 228278413 prime?
False
Is 6302134 prime?
False
Is 34879423 a prime number?
True
Is 36344423 a prime number?
True
Is 3527941 a prime number?
True
Is 2627759 prime?
True
Is 198253399 a prime number?
False
Is 3645251 a composite number?
False
Is 690563 composite?
True
Is 137124407 prime?
False
Is 146300611 composite?
False
Is 4236313 a prime number?
True
Is 41403137 composite?
False
Is 368143 a composite number?
True
Is 25390361 prime?
True
Is 348097 a prime number?
True
Is 9418667 prime?
True
Is 106793 composite?
True
Is 148805 composite?
True
Is 7018259 a prime number?
True
Is 1997029 a composite number?
False
Is 8909147 composite?
True
Is 25597877 prime?
False
Is 20985079 prime?
False
Is 793129 a composite number?
False
Is 229939735 composite?
True
Is 2596039 composite?
True
Is 14688541 a composite number?
True
Is 6029921 prime?
True
Is 6691913 prime?
False
Is 52656517 a prime number?
True
Is 36862433 a composite number?
True
Is 468049 composite?
False
Is 1025239 a composite number?
False
Is 3180251 a composite number?
False
Is 3820759 composite?
False
Is 5495727 a prime number?
False
Is 910795 composite?
True
Is 29488919 a composite number?
False
Is 720416615 composite?
True
Is 10307317 a prime number?
False
Is 70845361 prime?
True
Is 3532549 prime?
False
Is 589903 composite?
False
Is 2476022897 prime?
True
Is 159717799 prime?
True
Is 91199321 prime?
False
Is 8510807 a composite number?
True
Is 160204139 composite?
False
Is 267413 a prime number?
True
Is 5639341 prime?
False
Is 8269819 a prime number?
True
Is 7449899 a composite number?
True
Is 122092207 prime?
True
Is 546309965 prime?
False
Is 195587663 a composite number?
True
Is 53860187 a composite number?
False
Is 3095123 composite?
False
Is 118023539 prime?
True
Is 7911413 prime?
True
Is 6088843 prime?
False
Is 32356067 composite?
False
Is 9794063 a composite number?
True
Is 102431369 a composite number?
False
Is 455123 prime?
True
Is 2621197 composite?
False
Is 398001 composite?
True
Is 802117 composite?
True
Is 19128931 a prime number?
True
Is 1233511 a composite number?
True
Is 34422929 composite?
True
Is 51398591 a prime number?
False
Is 5362697 a prime number?
True
Is 1896221 a composite number?
False
Is 397805 a prime number?
False
Is 11281607 composite?
False
Is 24835757 a composite number?
False
Is 275956303 a composite number?
True
Is 52954229 a prime number?
True
Is 72931099 a prime number?
False
Is 94813253 composite?
False
Is 2555753 prime?
True
Is 4098673 a composite number?
False
Is 1404437 a composite number?
False
Is 1953313 prime?
False
Is 10262641 composite?
True
Is 4188733 a prime number?
False
Is 37790747 a composite number?
True
Is 22778999 prime?
True
Is 4893661 a composite number?
True
Is 1799381 prime?
True
Is 50359 composite?
False
Is 5568709 a prime number?
True
Is 7337633 prime?
True
Is 7660483 a prime number?
False
Is 2816339 composite?
True
Is 384384509 a prime number?
True
Is 23990353 prime?
True
Is 718190243 a prime number?
True
Is 131385641 prime?
True
Is 46800379 composite?
True
Is 3500671 a composite number?
False
Is 8673877 a prime number?
True
Is 1371919 a composite number?
True
Is 25849113 a prime number?
False
Is 1838377 composite?
False
Is 1630159 a composite number?
False
Is 113270867 prime?
True
Is 11125286 a prime number?
False
Is 42563587 a prime number?
False
Is 374452303 composite?
True
Is 188516407 a composite number?
True
Is 3054251 a prime number?
False
Is 93013619 prime?
True
Is 5041999 a prime number?
True
Is 49645021 composite?
False
Is 394465217 composite?
False
Is 682819 prime?
True
Is 3736279 a prime number?
True
Is 12155833 prime?
False
Is 33958141 composite?
True
Is 2614427 a prime number?
True
Is 9888367 a prime number?
False
Is 97041689 a prime number?
True
Is 278867 composite?
False
Is 143013223 prime?
True
Is 25595833 a composite number?
False
Is 4499813 composite?
True
Is 233862821 a composite number?
True
Is 17309957 a prime number?
False
Is 230937851 composite?
False
Is 232774159 composite?
False
Is 18081509 prime?
False
Is 2646071 a prime number?
True
Is 15130871 a prime number?
False
Is 5332657 composite?
True
Is 318161 prime?
True
Is 381024139 a prime number?
True
Is 2178961 prime?
False
Is 156439333 prime?
True
Is 